of 48225?
5
What is the units digit of 30093?
3
What is the thousands digit of 1677?
1
What is the units digit of 3871?
1
What is the tens digit of 10673?
7
What is the hundreds digit of 934?
9
What is the units digit of 3473?
3
What is the tens digit of 1455?
5
What is the units digit of 4222?
2
What is the tens digit of 931?
3
What is the tens digit of 1301?
0
What is the tens digit of 6531?
3
What is the tens digit of 2066?
6
What is the tens digit of 675?
7
What is the units digit of 18566?
6
What is the ten thousands digit of 42218?
4
What is the units digit of 9780?
0
What is the units digit of 22752?
2
What is the units digit of 8059?
9
What is the tens digit of 1115?
1
What is the thousands digit of 8805?
8
What is the tens digit of 621?
2
What is the hundreds digit of 3941?
9
What is the tens digit of 30726?
2
What is the tens digit of 1185?
8
What is the units digit of 243?
3
What is the hundreds digit of 1938?
9
What is the tens digit of 2140?
4
What is the units digit of 15442?
2
What is the hundreds digit of 17114?
1
What is the units digit of 6511?
1
What is the hundreds digit of 228?
2
What is the tens digit of 9616?
1
What is the hundreds digit of 110045?
0
What is the hundreds digit of 5559?
5
What is the units digit of 1962?
2
What is the thousands digit of 4431?
4
What is the thousands digit of 5087?
5
What is the tens digit of 64472?
7
What is the units digit of 22692?
2
What is the thousands digit of 152483?
2
What is the units digit of 722?
2
What is the hundreds digit of 732?
7
What is the tens digit of 116474?
7
What is the hundreds digit of 47807?
8
What is the tens digit of 1362?
6
What is the tens digit of 9846?
4
What is the units digit of 26496?
6
What is the thousands digit of 15821?
5
What is the units digit of 812?
2
What is the ten thousands digit of 10189?
1
What is the thousands digit of 2202?
2
What is the thousands digit of 5502?
5
What is the units digit of 3604?
4
What is the units digit of 123843?
3
What is the tens digit of 2301?
0
What is the ten thousands digit of 26359?
2
What is the hundreds digit of 6061?
0
What is the hundreds digit of 336?
3
What is the tens digit of 1117?
1
What is the units digit of 16481?
1
What is the hundreds digit of 923?
9
What is the hundreds digit of 2413?
4
What is the hundreds digit of 69901?
9
What is the units digit of 6048?
8
What is the units digit of 52194?
4
What is the ten thousands digit of 88262?
8
What is the thousands digit of 8482?
8
What is the hundreds digit of 6950?
9
What is the tens digit of 20558?
5
What is the units digit of 46000?
0
What is the tens digit of 2580?
8
What is the hundreds digit of 23443?
4
What is the hundreds digit of 2373?
3
What is the hundreds digit of 8455?
4
What is the units digit of 615?
5
What is the hundreds digit of 968?
9
What is the hundreds digit of 100?
1
What is the tens digit of 58192?
9
What is the units digit of 13541?
1
What is the tens digit of 30907?
0
What is the hundreds digit of 497?
4
What is the units digit of 3129?
9
What is the units digit of 9299?
9
What is the hundreds digit of 650?
6
What is the thousands digit of 1628?
1
What is the hundreds digit of 9044?
0
What is the hundreds digit of 3366?
3
What is the tens digit of 6447?
4
What is the thousands digit of 24436?
4
What is the ten thousands digit of 150058?
5
What is the units digit of 85697?
7
What is the tens digit of 21108?
0
What is the tens digit of 4232?
3
What is the thousands digit of 24115?
4
What is the units digit of 3376?
6
What is the tens digit of 1123?
2
What is the thousands digit of 11812?
1
What is the units digit of 10547?
7
What is the thousands digit of 13921?
3
What is the tens digit of 1421?
2
What is the thousands digit of 8247?
8
What is the hundreds digit of 67476?
4
What is the tens digit of 33920?
2
What is the thousands digit of 5679?
5
What is the units digit of 214?
4
What is the ten thousands digit of 22686?
2
What is the units digit of 8963?
3
What is the ten thousands digit of 18779?
1
What is the units digit of 6700?
0
What is the tens digit of 3984?
8
What is the units digit of 9881?
1
What is the units digit of 472?
2
What is the units digit of 13740?
0
What is the thousands digit of 31871?
1
What is the hundreds digit of 2193?
1
What is the ten thousands digit of 23981?
2
What is the tens digit of 4243?
4
What is the hundreds digit of 2547?
5
What is the thousands digit of 2169?
2
What is the hundreds digit of 197?
1
What is the units digit of 651?
1
What is the units digit of 16482?
2
What is the hundreds digit of 7209?
2
What is the hundreds digit of 26762?
7
What is the hundreds digit of 833?
8
What is the tens digit of 46299?
9
What is the hundreds digit of 9884?
8
What is the tens digit of 264?
6
What is the hundreds digit of 633?
6
What is the ten thousands digit of 23493?
2
What is the hundreds digit of 268?
2
What is the thousands digit of 3571?
3
What is the ten thousands digit of 23095?
2
What is the tens digit of 1172?
7
What is the hundreds digit of 232?
2
What is the tens digit of 8105?
0
What is the tens digit of 3688?
8
What is the units digit of 2647?
7
What is the tens digit of 1237?
3
What is the tens digit of 1008?
0
What is the thousands digit of 11012?
1
What is the tens digit of 2186?
8
What is the hundreds digit of 754?
7
What is the thousands digit of 31869?
1
What is the units digit of 2065?
5
What is the units digit of 5429?
9
What is the hundreds digit of 30115?
1
What is the hundreds digit of 3414?
4
What is the units digit of 22478?
8
What is the hundreds digit of 981?
9
What is the units digit of 751?
1
What is the ten thousands digit of 17126?
1
What is the hundreds digit of 2951?
9
What is the tens digit of 478?
7
What is the thousands digit of 68484?
8
What is the hundreds digit of 34109?
1
What is the units digit of 7400?
0
What is the hundreds digit of 638?
6
What is the units digit of 25390?
0
What is the tens digit of 27649?
4
What is the units digit of 2230?
0
What is the ten thousands digit of 10492?
1
What is the tens digit of 14112?
1
What is the tens digit of 6559?
5
What is the units digit of 68087?
7
What is the hundreds digit of 7980?
9
What is the tens digit of 66488?
8
What is the units digit of 10482?
2
What is the units digit of 121411?
1
What is the hundreds digit of 14634?
6
What is the tens digit of 644?
4
What is the tens digit of 9852?
5
What is the hundred thousands digit of 126604?
1
What is the thousands digit of 1930?
1
What is the ten thousands digit of 32882?
3
What is the units digit of 67?
7
What is the thousands digit of 5857?
5
What is the thousands digit of 7983?
7
What is the hundreds digit of 29697?
6
What is the tens digit of 301?
0
What is the units digit of 6151?
1
What is the hundreds digit of 3293?
2
What is the thousands digit of 16454?
6
What is the units digit of 24672?
2
What is the units digit of 13891?
1
What is the units digit of 5078?
8
What is the tens digit of 23072?
7
What is the thousands digit of 17165?
7
What is the thousands digit of 1930?
1
What is the tens digit of 256?
5
What is the thousands digit of 2729?
2
What is the units digit of 2656?
6
What is the hundreds digit of 73502?
5
What is the hundreds digit of 754?
7
What is the ten thousands digit of 14716?
1
What is the units digit of 7938?
8
What is the units digit of 504?
4
What is the thousands digit of 52846?
2
What is the units digit of 25?
5
What is the tens digit of 10454?
5
What is the thousands digit of 7680?
7
What is the hundreds digit of 1303?
3
What is the hundreds digit of 5994?
9
What is the hundreds digit of 2694?
6
What is the tens digit of 48755?
5
What is the units digit of 49440?
0
What is the ten thousands digit of 31644?
3
What is the tens digit of 3046?
4
What is the hundreds digit of 2003?
0
What is the tens digit of 659?
5
What is the thousands digit of 3207?
3
What is the hundreds digit of 621?
6
What is the units digit of 656?
6
What is the thousands digit of 1690?
1
What is the hundreds digit of 2582?
5
What is the thousands digit of 4737?
4
What is the units digit of 1161?
1
What is the tens digit of 1351?
5
What is the hundreds digit of 43447?
4
What is the units digit of 10493?
3
What is the thousands digit of 1265?
1
What is the ten t